{"id":32,"date":"2018-02-07T17:32:24","date_gmt":"2018-02-07T16:32:24","guid":{"rendered":"http:\/\/vm-coaching.fr\/?page_id=32"},"modified":"2018-02-07T17:32:24","modified_gmt":"2018-02-07T16:32:24","slug":"coaching-personnel","status":"publish","type":"page","link":"https:\/\/vm-coaching.fr\/index.php\/coaching-personnel\/","title":{"rendered":"Particuliers"},"content":{"rendered":"<p><span style=\"color:#800080;\">On ne peut pas arr\u00eater une cascade, mais on peut apprendre \u00e0 diriger son mouvement et \u00e0 exploiter sa puissance ! <\/span><\/p>\n<p><strong>Cette cascade<\/strong> est situ\u00e9e sur la c\u00f4te Sud de l\u2019Islande. Haute d\u2019une cinquantaine de m\u00e8tres, Seljalandsfoss est aliment\u00e9e par les eaux d&rsquo;un glacier.\u00a0 <strong>Il est possible d&rsquo;en faire le tour<\/strong>. Elle symbolise pour moi le chemin parcouru,\u00a0 la puissance et la vigueur de l&rsquo;instant pr\u00e9sent, ici et maintenant,\u00a0 ainsi que la direction \u00e0 prendre.<\/p>\n<p>Le coaching ne s&rsquo;attarde pas sur le pass\u00e9, il reste dans le pr\u00e9sent pour vous accompagner\u00a0 \u00e0 <strong>mieux vous conna\u00eetre<\/strong> et vous entra\u00eene vers l&rsquo;avenir, en tenant compte de <strong>vos aspirations profondes.<\/strong><\/p>\n<p><strong> Vous<\/strong> d\u00e9finissez <strong>un objectif sp\u00e9cifique<\/strong>, mesurable, atteignable, r\u00e9aliste et d\u00e9fini dans le temps ; <strong>nous<\/strong> trouvons de <strong>nouvelles options<\/strong> et d\u00e9cidons ensemble d&rsquo;<strong>un plan d&rsquo;action<\/strong> <strong>concret<\/strong> pour le r\u00e9aliser !<\/p>\n<p>&nbsp;<\/p>\n","protected":false},"excerpt":{"rendered":"<p>On ne peut pas arr\u00eater une cascade, mais on peut apprendre \u00e0 diriger son mouvement et \u00e0 exploiter sa puissance ! Cette cascade est situ\u00e9e sur la c\u00f4te Sud de l\u2019Islande. Haute d\u2019une cinquantaine de m\u00e8tres, Seljalandsfoss est aliment\u00e9e par les eaux d&rsquo;un glacier.\u00a0 Il est possible d&rsquo;en faire le [&hellip;]<\/p>\n","protected":false},"author":2,"featured_media":0,"parent":0,"menu_order":4,"comment_status":"closed","ping_status":"closed","template":"","meta":{"footnotes":""},"class_list":["post-32","page","type-page","status-publish","hentry"],"_links":{"self":[{"href":"https:\/\/vm-coaching.fr\/index.php\/wp-json\/wp\/v2\/pages\/32","targetHints":{"allow":["GET"]}}],"collection":[{"href":"https:\/\/vm-coaching.fr\/index.php\/wp-json\/wp\/v2\/pages"}],"about":[{"href":"https:\/\/vm-coaching.fr\/index.php\/wp-json\/wp\/v2\/types\/page"}],"author":[{"embeddable":true,"href":"https:\/\/vm-coaching.fr\/index.php\/wp-json\/wp\/v2\/users\/2"}],"replies":[{"embeddable":true,"href":"https:\/\/vm-coaching.fr\/index.php\/wp-json\/wp\/v2\/comments?post=32"}],"version-history":[{"count":0,"href":"https:\/\/vm-coaching.fr\/index.php\/wp-json\/wp\/v2\/pages\/32\/revisions"}],"wp:attachment":[{"href":"https:\/\/vm-coaching.fr\/index.php\/wp-json\/wp\/v2\/media?parent=32"}],"curies":[{"name":"wp","href":"https:\/\/api.w.org\/{rel}","templated":true}]}}