{"id":339,"date":"2018-08-08T15:08:50","date_gmt":"2018-08-08T14:08:50","guid":{"rendered":"https:\/\/vmcoachingfr.wordpress.com\/?page_id=339"},"modified":"2021-05-26T11:23:35","modified_gmt":"2021-05-26T09:23:35","slug":"developpement-personnel","status":"publish","type":"page","link":"https:\/\/vm-coaching.fr\/index.php\/developpement-personnel\/","title":{"rendered":"D\u00e9veloppement personnel"},"content":{"rendered":"<p><img fetchpriority=\"high\" decoding=\"async\" class=\"wp-image-405  aligncenter\" src=\"https:\/\/vm-coaching.fr\/wp-content\/uploads\/2018\/08\/developpement-perso-scaled.jpg\" alt=\"\" width=\"483\" height=\"191\" srcset=\"https:\/\/vm-coaching.fr\/wp-content\/uploads\/2018\/08\/developpement-perso-scaled.jpg 2560w, https:\/\/vm-coaching.fr\/wp-content\/uploads\/2018\/08\/developpement-perso-300x119.jpg 300w, https:\/\/vm-coaching.fr\/wp-content\/uploads\/2018\/08\/developpement-perso-1024x405.jpg 1024w, https:\/\/vm-coaching.fr\/wp-content\/uploads\/2018\/08\/developpement-perso-768x304.jpg 768w, https:\/\/vm-coaching.fr\/wp-content\/uploads\/2018\/08\/developpement-perso-1536x608.jpg 1536w, https:\/\/vm-coaching.fr\/wp-content\/uploads\/2018\/08\/developpement-perso-2048x810.jpg 2048w, https:\/\/vm-coaching.fr\/wp-content\/uploads\/2018\/08\/developpement-perso-1568x620.jpg 1568w\" sizes=\"(max-width: 483px) 100vw, 483px\" \/><\/p>\n<p><span style=\"font-size: 18px; color: #993366;\"> Le <strong>d\u00e9veloppement personnel<\/strong> permet la r\u00e9solution de conflits interpersonnels, de <strong>clarifier<\/strong> ses projets et <strong>redonner un sens<\/strong> \u00e0 sa vie tout en respectant ses valeurs et ses aspirations profondes.<\/span><\/p>\n<p><span style=\"font-size: 18px;\"> <span style=\"color: #575756;\"><strong>Il accompagne \u00e0 :<\/strong> <\/span><\/span><\/p>\n<ul>\n<li><span style=\"font-size: 18px;\"> <span style=\"color: #575756;\"> Accepter le changement dans les p\u00e9riodes de transition de vie<\/span><\/span><\/li>\n<li><span style=\"font-size: 18px;\"> <span style=\"color: #575756;\">Se remettre en action dans des situations d&rsquo;\u00e9puisement professionnel\/burn-out<\/span><\/span><\/li>\n<li><span style=\"font-size: 18px;\"> <span style=\"color: #575756;\">Mieux se conna\u00eetre, d\u00e9velopper l&rsquo; estime de soi et la confiance en soi<\/span><\/span><\/li>\n<li><span style=\"font-size: 18px;\"> <span style=\"color: #575756;\">Identifier ses talents et d\u00e9velopper ses comp\u00e9tences<\/span><\/span><\/li>\n<li><span style=\"font-size: 18px;\"> <span style=\"color: #575756;\">D\u00e9passer une difficult\u00e9, un blocage<\/span><\/span><\/li>\n<li><span style=\"font-size: 18px;\"> <span style=\"color: #575756;\">Surmonter un \u00e9chec, une \u00e9preuve<\/span><\/span><\/li>\n<li><span style=\"font-size: 18px;\"> <span style=\"color: #575756;\">Mieux s&rsquo;organiser et \u00e9tablir des priorit\u00e9s<\/span><\/span><\/li>\n<li><span style=\"font-size: 18px;\"> <span style=\"color: #575756;\">G\u00e9rer son stress et ses \u00e9motions<\/span><\/span><\/li>\n<li><span style=\"font-size: 18px;\"> <span style=\"color: #575756;\">Mieux communiquer et interagir avec son entourage<\/span><\/span><\/li>\n<\/ul>\n","protected":false},"excerpt":{"rendered":"<p>Le d\u00e9veloppement personnel permet la r\u00e9solution de conflits interpersonnels, de clarifier ses projets et redonner un sens \u00e0 sa vie tout en respectant ses valeurs et ses aspirations profondes. Il accompagne \u00e0 : Accepter le changement dans les p\u00e9riodes de transition de vie Se remettre en action dans des situations [&hellip;]<\/p>\n","protected":false},"author":2,"featured_media":0,"parent":0,"menu_order":0,"comment_status":"closed","ping_status":"closed","template":"","meta":{"footnotes":""},"class_list":["post-339","page","type-page","status-publish","hentry"],"_links":{"self":[{"href":"https:\/\/vm-coaching.fr\/index.php\/wp-json\/wp\/v2\/pages\/339","targetHints":{"allow":["GET"]}}],"collection":[{"href":"https:\/\/vm-coaching.fr\/index.php\/wp-json\/wp\/v2\/pages"}],"about":[{"href":"https:\/\/vm-coaching.fr\/index.php\/wp-json\/wp\/v2\/types\/page"}],"author":[{"embeddable":true,"href":"https:\/\/vm-coaching.fr\/index.php\/wp-json\/wp\/v2\/users\/2"}],"replies":[{"embeddable":true,"href":"https:\/\/vm-coaching.fr\/index.php\/wp-json\/wp\/v2\/comments?post=339"}],"version-history":[{"count":3,"href":"https:\/\/vm-coaching.fr\/index.php\/wp-json\/wp\/v2\/pages\/339\/revisions"}],"predecessor-version":[{"id":1527,"href":"https:\/\/vm-coaching.fr\/index.php\/wp-json\/wp\/v2\/pages\/339\/revisions\/1527"}],"wp:attachment":[{"href":"https:\/\/vm-coaching.fr\/index.php\/wp-json\/wp\/v2\/media?parent=339"}],"curies":[{"name":"wp","href":"https:\/\/api.w.org\/{rel}","templated":true}]}}