{"id":357,"date":"2018-08-08T15:23:50","date_gmt":"2018-08-08T14:23:50","guid":{"rendered":"https:\/\/vmcoachingfr.wordpress.com\/?page_id=357"},"modified":"2021-05-26T10:43:23","modified_gmt":"2021-05-26T08:43:23","slug":"collaborateurs","status":"publish","type":"page","link":"https:\/\/vm-coaching.fr\/index.php\/collaborateurs\/","title":{"rendered":"Coaching des collaborateurs"},"content":{"rendered":"<p><img fetchpriority=\"high\" decoding=\"async\" class=\"wp-image-460  alignright\" src=\"https:\/\/vm-coaching.fr\/wp-content\/uploads\/2018\/08\/collaborateur-300x119.jpg\" alt=\"\" width=\"411\" height=\"163\" srcset=\"https:\/\/vm-coaching.fr\/wp-content\/uploads\/2018\/08\/collaborateur-300x119.jpg 300w, https:\/\/vm-coaching.fr\/wp-content\/uploads\/2018\/08\/collaborateur-1024x405.jpg 1024w, https:\/\/vm-coaching.fr\/wp-content\/uploads\/2018\/08\/collaborateur-768x304.jpg 768w, https:\/\/vm-coaching.fr\/wp-content\/uploads\/2018\/08\/collaborateur-1536x608.jpg 1536w, https:\/\/vm-coaching.fr\/wp-content\/uploads\/2018\/08\/collaborateur-2048x810.jpg 2048w, https:\/\/vm-coaching.fr\/wp-content\/uploads\/2018\/08\/collaborateur-1568x620.jpg 1568w\" sizes=\"(max-width: 411px) 100vw, 411px\" \/><\/p>\n<p><span style=\"font-size: 18px;\"> <span style=\"color: #575756;\">Le bien-\u00eatre des collaborateurs est source d\u2019adh\u00e9sion, d\u2019engagement et de performance.<\/span><\/span><\/p>\n<p><span style=\"font-size: 18px;\"> <span style=\"color: #575756;\">Faire coacher un salari\u00e9 sur la confiance en soi, le sens des responsabilit\u00e9s ou encore la gestion du stress&#8230; entra\u00eene des recentrages b\u00e9n\u00e9fiques \u00e0 l&rsquo;organisation.<\/span><\/span><\/p>\n<h3><span style=\"color: #800080;\">De nouveaux collaborateurs\u00a0pour votre entreprise ?<\/span><\/h3>\n<p><span style=\"font-size: 18px;\"> <span style=\"color: #575756;\">Plus d&rsquo;un tiers des CDI sont rompus avant 12 mois. L\u2019accompagnement d&rsquo;un nouveau collaborateur est donc un enjeu pour la r\u00e9ussite de sa prise de poste et son maintien durable dans l&rsquo;entreprise.<\/span><\/span><\/p>\n<p><strong>Un coaching de prise de poste et un suivi pendant la p\u00e9riode d&rsquo;essai ou \u00e0 6 mois permettent \u00e0 votre nouveau collaborateur :<\/strong><\/p>\n<p>\u2022\u00a0 <span style=\"font-size: 18px;\"> <span style=\"color: #575756;\">Une int\u00e9gration aux valeurs et \u00e0 la culture de l&rsquo; entreprise,<\/span><\/span><br \/>\n\u2022\u00a0<span style=\"font-size: 18px;\"> <span style=\"color: #575756;\">Une capacit\u00e9 \u00e0 int\u00e9grer les enjeux et la strat\u00e9gie,<\/span><\/span><br \/>\n\u2022\u00a0<span style=\"font-size: 18px;\"> <span style=\"color: #575756;\">L\u2019adoption d\u2019une posture et un positionnement ad\u00e9quat vis \u00e0 vis de ses\u00a0\u00a0\u00a0\u00a0\u00a0 collaborateurs,\u00a0 ses pairs, sa hi\u00e9rarchie voire de ses clients,<\/span><\/span><br \/>\n\u2022\u00a0<span style=\"font-size: 18px;\"> <span style=\"color: #575756;\">Le d\u00e9veloppement\u00a0et\u00a0l\u2019adaptation rapide des comp\u00e9tences op\u00e9rationnelles et relationnelles dont vous avez besoin, dans un objectif de r\u00e9ussite.<\/span><\/span><\/p>\n","protected":false},"excerpt":{"rendered":"<p>Le bien-\u00eatre des collaborateurs est source d\u2019adh\u00e9sion, d\u2019engagement et de performance. Faire coacher un salari\u00e9 sur la confiance en soi, le sens des responsabilit\u00e9s ou encore la gestion du stress&#8230; entra\u00eene des recentrages b\u00e9n\u00e9fiques \u00e0 l&rsquo;organisation. De nouveaux collaborateurs\u00a0pour votre entreprise ? Plus d&rsquo;un tiers des CDI sont rompus avant [&hellip;]<\/p>\n","protected":false},"author":2,"featured_media":0,"parent":0,"menu_order":0,"comment_status":"closed","ping_status":"closed","template":"","meta":{"footnotes":""},"class_list":["post-357","page","type-page","status-publish","hentry"],"_links":{"self":[{"href":"https:\/\/vm-coaching.fr\/index.php\/wp-json\/wp\/v2\/pages\/357","targetHints":{"allow":["GET"]}}],"collection":[{"href":"https:\/\/vm-coaching.fr\/index.php\/wp-json\/wp\/v2\/pages"}],"about":[{"href":"https:\/\/vm-coaching.fr\/index.php\/wp-json\/wp\/v2\/types\/page"}],"author":[{"embeddable":true,"href":"https:\/\/vm-coaching.fr\/index.php\/wp-json\/wp\/v2\/users\/2"}],"replies":[{"embeddable":true,"href":"https:\/\/vm-coaching.fr\/index.php\/wp-json\/wp\/v2\/comments?post=357"}],"version-history":[{"count":4,"href":"https:\/\/vm-coaching.fr\/index.php\/wp-json\/wp\/v2\/pages\/357\/revisions"}],"predecessor-version":[{"id":1510,"href":"https:\/\/vm-coaching.fr\/index.php\/wp-json\/wp\/v2\/pages\/357\/revisions\/1510"}],"wp:attachment":[{"href":"https:\/\/vm-coaching.fr\/index.php\/wp-json\/wp\/v2\/media?parent=357"}],"curies":[{"name":"wp","href":"https:\/\/api.w.org\/{rel}","templated":true}]}}